{"id":12811,"date":"2026-09-03T10:32:22","date_gmt":"2026-09-03T08:32:22","guid":{"rendered":"https:\/\/almalo.edu.pl\/?page_id=12811"},"modified":"2026-09-03T11:02:34","modified_gmt":"2026-09-03T09:02:34","slug":"godziny-pracy-pedagogow","status":"publish","type":"page","link":"https:\/\/almalo.edu.pl\/?page_id=12811","title":{"rendered":"Godziny pracy pedagog\u00f3w"},"content":{"rendered":"\n<p class=\"has-text-align-center has-medium-font-size\"><strong>Ma\u0142gorzata Kubiczek-R\u00f3\u017cycka<\/strong><br><strong>Pedagog specjalny<\/strong><br><strong>Gabinet zewn\u0119trzny<\/strong><\/p>\n\n\n\n<p class=\"has-text-align-center\"><strong>Poniedzia\u0142ek<\/strong><br><strong>10:50-17:20<\/strong><\/p>\n\n\n\n<p class=\"has-text-align-center\"><strong>Wtorek<\/strong><br><strong>14:00-17:00<\/strong><\/p>\n\n\n\n<p class=\"has-text-align-center\"><strong>\u015aroda<\/strong><br><strong>13:20-17:20<\/strong><\/p>\n\n\n\n<p class=\"has-text-align-center\"><strong>Czwartek<\/strong><br><strong>13:20-17:20<\/strong><\/p>\n\n\n\n<p class=\"has-text-align-center\"><strong>Pi\u0105tek<\/strong><br><strong>15:10-17:10<\/strong><\/p>\n\n\n\n<div style=\"height:50px\" aria-hidden=\"true\" class=\"wp-block-spacer\"><\/div>\n\n\n\n<p class=\"has-text-align-center has-medium-font-size\"><strong>Dominika Jania-Michalak<\/strong><br><strong>Pedagog<\/strong><br><strong>Gabinet 60<\/strong><\/p>\n\n\n\n<p class=\"has-text-align-center\"><strong>Poniedzia\u0142ek<\/strong><br><strong>8:00-14:30<\/strong><\/p>\n\n\n\n<p class=\"has-text-align-center\"><strong>Wtorek<\/strong><br><strong>8:00-13:00<\/strong><\/p>\n\n\n\n<p class=\"has-text-align-center\"><strong>\u015aroda<\/strong><br><strong>8:00-11:00<\/strong><\/p>\n\n\n\n<p class=\"has-text-align-center\"><strong>Czwartek<\/strong><br><strong>8:00-13:00<\/strong><\/p>\n\n\n\n<p class=\"has-text-align-center\"><strong>Pi\u0105tek<\/strong><br><strong>8:00-10:00<\/strong><\/p>\n\n\n\n<p><\/p>\n","protected":false},"excerpt":{"rendered":"<p>Ma\u0142gorzata Kubiczek-R\u00f3\u017cyckaPedagog specjalnyGabinet zewn\u0119trzny Poniedzia\u0142ek10:50-17:20 Wtorek14:00-17:00 \u015aroda13:20-17:20 Czwartek13:20-17:20 Pi\u0105tek15:10-17:10 Dominika Jania-MichalakPedagogGabinet 60 Poniedzia\u0142ek8:00-14:30 Wtorek8:00-13:00 \u015aroda8:00-11:00 Czwartek8:00-13:00 Pi\u0105tek8:00-10:00<\/p>\n","protected":false},"author":15,"featured_media":0,"parent":0,"menu_order":0,"comment_status":"closed","ping_status":"closed","template":"","meta":{"footnotes":""},"class_list":["post-12811","page","type-page","status-publish","hentry"],"_links":{"self":[{"href":"https:\/\/almalo.edu.pl\/index.php?rest_route=\/wp\/v2\/pages\/12811","targetHints":{"allow":["GET"]}}],"collection":[{"href":"https:\/\/almalo.edu.pl\/index.php?rest_route=\/wp\/v2\/pages"}],"about":[{"href":"https:\/\/almalo.edu.pl\/index.php?rest_route=\/wp\/v2\/types\/page"}],"author":[{"embeddable":true,"href":"https:\/\/almalo.edu.pl\/index.php?rest_route=\/wp\/v2\/users\/15"}],"replies":[{"embeddable":true,"href":"https:\/\/almalo.edu.pl\/index.php?rest_route=%2Fwp%2Fv2%2Fcomments&post=12811"}],"version-history":[{"count":8,"href":"https:\/\/almalo.edu.pl\/index.php?rest_route=\/wp\/v2\/pages\/12811\/revisions"}],"predecessor-version":[{"id":12831,"href":"https:\/\/almalo.edu.pl\/index.php?rest_route=\/wp\/v2\/pages\/12811\/revisions\/12831"}],"wp:attachment":[{"href":"https:\/\/almalo.edu.pl\/index.php?rest_route=%2Fwp%2Fv2%2Fmedia&parent=12811"}],"curies":[{"name":"wp","href":"https:\/\/api.w.org\/{rel}","templated":true}]}}

Godziny pracy pedagogów

<p class="has-text-align-center has-medium-font-size"><strong>Małgorzata Kubiczek-Różycka</strong><br><strong>Pedagog specjalny</strong><br><strong>Gabinet zewnętrzny</strong></p>



<p class="has-text-align-center"><strong>Poniedziałek</strong><br><strong>10:50-17:20</strong></p>



<p class="has-text-align-center"><strong>Wtorek</strong><br><strong>14:00-17:00</strong></p>



<p class="has-text-align-center"><strong>Środa</strong><br><strong>13:20-17:20</strong></p>



<p class="has-text-align-center"><strong>Czwartek</strong><br><strong>13:20-17:20</strong></p>



<p class="has-text-align-center"><strong>Piątek</strong><br><strong>15:10-17:10</strong></p>



<div style="height:50px" aria-hidden="true" class="wp-block-spacer"></div>



<p class="has-text-align-center has-medium-font-size"><strong>Dominika Jania-Michalak</strong><br><strong>Pedagog</strong><br><strong>Gabinet 60</strong></p>



<p class="has-text-align-center"><strong>Poniedziałek</strong><br><strong>8:00-14:30</strong></p>



<p class="has-text-align-center"><strong>Wtorek</strong><br><strong>8:00-13:00</strong></p>



<p class="has-text-align-center"><strong>Środa</strong><br><strong>8:00-11:00</strong></p>



<p class="has-text-align-center"><strong>Czwartek</strong><br><strong>8:00-13:00</strong></p>



<p class="has-text-align-center"><strong>Piątek</strong><br><strong>8:00-10:00</strong></p>



<p></p>

<p>Małgorzata Kubiczek-RóżyckaPedagog specjalnyGabinet zewnętrzny Poniedziałek10:50-17:20 Wtorek14:00-17:00 Środa13:20-17:20 Czwartek13:20-17:20 Piątek15:10-17:10 Dominika Jania-MichalakPedagogGabinet 60 Poniedziałek8:00-14:30 Wtorek8:00-13:00 Środa8:00-11:00 Czwartek8:00-13:00 Piątek8:00-10:00</p>
